e factors of 6137.
17, 19
What are the prime factors of 1037?
17, 61
What are the prime factors of 8744?
2, 1093
What are the prime factors of 40665?
3, 5, 2711
List the prime factors of 11329.
11329
What are the prime factors of 72360?
2, 3, 5, 67
List the prime factors of 87982.
2, 43991
List the prime factors of 20172.
2, 3, 41
What are the prime factors of 104936?
2, 13, 1009
What are the prime factors of 29938?
2, 14969
List the prime factors of 1746.
2, 3, 97
List the prime factors of 79582.
2, 39791
List the prime factors of 39975.
3, 5, 13, 41
What are the prime factors of 774?
2, 3, 43
What are the prime factors of 5603?
13, 431
What are the prime factors of 130825?
5, 5233
List the prime factors of 36790.
2, 5, 13, 283
List the prime factors of 2437.
2437
List the prime factors of 352.
2, 11
List the prime factors of 13908.
2, 3, 19, 61
List the prime factors of 13806.
2, 3, 13, 59
What are the prime factors of 8342?
2, 43, 97
List the prime factors of 5934.
2, 3, 23, 43
What are the prime factors of 281?
281
What are the prime factors of 1301?
1301
What are the prime factors of 24341?
101, 241
What are the prime factors of 467?
467
What are the prime factors of 656?
2, 41
List the prime factors of 2879.
2879
What are the prime factors of 2782?
2, 13, 107
List the prime factors of 5933.
17, 349
List the prime factors of 96434.
2, 13, 3709
What are the prime factors of 3051?
3, 113
What are the prime factors of 2381?
2381
List the prime factors of 9848.
2, 1231
What are the prime factors of 2411?
2411
List the prime factors of 179.
179
What are the prime factors of 56622?
2, 3, 9437
What are the prime factors of 1333?
31, 43
List the prime factors of 4225.
5, 13
What are the prime factors of 12050?
2, 5, 241
List the prime factors of 1105.
5, 13, 17
List the prime factors of 953.
953
List the prime factors of 4551.
3, 37, 41
List the prime factors of 4097.
17, 241
What are the prime factors of 30641?
13, 2357
What are the prime factors of 83005?
5, 13, 1277
What are the prime factors of 1140?
2, 3, 5, 19
What are the prime factors of 802?
2, 401
List the prime factors of 14830.
2, 5, 1483
What are the prime factors of 856?
2, 107
List the prime factors of 138134.
2, 69067
List the prime factors of 2418.
2, 3, 13, 31
What are the prime factors of 2293?
2293
List the prime factors of 1341.
3, 149
What are the prime factors of 2304?
2, 3
What are the prime factors of 1455?
3, 5, 97
List the prime factors of 2449.
31, 79
What are the prime factors of 8691?
3, 2897
What are the prime factors of 30079?
7, 4297
What are the prime factors of 935?
5, 11, 17
What are the prime factors of 21545?
5, 31, 139
List the prime factors of 8820.
2, 3, 5, 7
What are the prime factors of 2006?
2, 17, 59
List the prime factors of 6515.
5, 1303
List the prime factors of 10087.
7, 11, 131
What are the prime factors of 266?
2, 7, 19
What are the prime factors of 57820?
2, 5, 7, 59
What are the prime factors of 119446?
2, 59723
List the prime factors of 874.
2, 19, 23
List the prime factors of 117928.
2, 14741
What are the prime factors of 2119?
13, 163
List the prime factors of 914.
2, 457
List the prime factors of 89.
89
List the prime factors of 7709.
13, 593
What are the prime factors of 2578?
2, 1289
List the prime factors of 2078.
2, 1039
List the prime factors of 328.
2, 41
List the prime factors of 4357.
4357
What are the prime factors of 480?
2, 3, 5
List the prime factors of 456.
2, 3, 19
What are the prime factors of 9098?
2, 4549
What are the prime factors of 1505?
5, 7, 43
List the prime factors of 37526.
2, 29, 647
List the prime factors of 37958.
2, 18979
What are the prime factors of 155542?
2, 83, 937
What are the prime factors of 5252?
2, 13, 101
What are the prime factors of 18130?
2, 5, 7, 37
List the prime factors of 12425.
5, 7, 71
List the prime factors of 9056.
2, 283
List the prime factors of 7013.
7013
List the prime factors of 7989.
3, 2663
What are the prime factors of 2905?
5, 7, 83
List the prime factors of 4566.
2, 3, 761
List the prime factors of 176.
2, 11
List the prime factors of 1894.
2, 947
What are the prime factors of 125606?
2, 13, 4831
List the prime factors of 2303.
7, 47
List the prime factors of 8107.
11, 67
List the prime factors of 1641.
3, 547
What are the prime factors of 745?
5, 149
List the prime factors of 30407.
13, 2339
List the prime factors of 14333.
11, 1303
List the prime factors of 249.
3, 83
What are the prime factors of 17301?
3, 73, 79
What are the prime factors of 623?
7, 89
List the prime factors of 147273.
3, 7, 7013
What are the prime factors of 599?
599
What are the prime factors of 25558?
2, 13, 983
What are the prime factors of 9519?
3, 19, 167
What are the prime factors of 134?
2, 67
What are the prime factors of 1719?
3, 191
What are the prime factors of 8172?
2, 3, 227
What are the prime factors of 3077?
17, 181
What are the prime factors of 9124?
2, 2281
List the prime factors of 542.
2, 271
What are the prime factors of 1135?
5, 227
List the prime factors of 54263.
11, 4933
What are the prime factors of 2987?
29, 103
What are the prime factors of 2299?
11, 19
List the prime factors of 857.
857
List the prime factors of 38286.
2, 3, 709
What are the prime factors of 865?
5, 173
What are the prime factors of 514?
2, 257
List the prime factors of 952.
2, 7, 17
List the prime factors of 4030.
2, 5, 13, 31
List the prime factors of 4759.
4759
What are the prime factors of 3875?
5, 31
What are the prime factors of 10149?
3, 17, 199
What are the prime factors of 734?
2, 367
What are the prime factors of 1589?
7, 227
What are the prime factors of 645?
3, 5, 43
List the prime factors of 4731.
3, 19, 83
What are the prime factors of 89719?
7, 1831
What are the prime factors of 45537?
3, 43, 353
List the prime factors of 131894.
2, 7, 9421
What are the prime factors of 39205?
5, 7841
List the prime factors of 4734.
2, 3, 263
List the prime factors of 7701.
3, 17, 151
List the prime factors of 134874.
2, 3, 59, 127
What are the prime factors of 54460?
2, 5, 7, 389
List the prime factors of 22611.
3, 7537
List the prime factors of 88749.
3, 19, 173
What are the prime factors of 159?
3, 53
What are the prime factors of 8688?
2, 3, 181
List the prime factors of 31146.
2, 3, 29, 179
List the prime factors of 15400.
2, 5, 7, 11
List the prime factors of 30.
2, 3, 5
What are the prime factors of 16398?
2, 3, 911
What are the prime factors of 2865?
3, 5, 191
List the prime factors of 72424.
2, 11, 823
List the prime factors of 3072.
2, 3
List the prime factors of 2531.
2531
What are the prime factors of 15628?
2, 3907
List the prime factors of 30545.
5, 41, 149
List the prime factors of 3672.
2, 3, 17
List the prime factors of 1348.
2, 337
What are the prime factors of 305?
5, 61
List the prime factors of 525.
3, 5, 7
What are the prime factors of 15152?
2, 947
What are the prime factors of 38662?
2, 13, 1487
What are the prime factors of 16361?
16361
List the prime factors of 2237.
2237
What are the prime factors of 714?
2, 3, 7, 17
What are the prime factors of 462?
2, 3, 7, 11
What are the prime factors of 4609?
11, 419
List the prime factors of 623.
7, 89
What are the prime factors of 18720?
2, 3, 5, 13
What are the prime factors of 100520?
2, 5, 7, 359
What are the prime factors of 3523?
13, 271
List the prime factors of 13786.
2, 61, 113
List the prime factors of 15976.
2, 1997
What are the prime factors of 14375?
5, 23
List the prime factors of 8767.
11, 797
List the prime factors of 6817.
17, 401
List the prime factors of 118836.
2, 3, 3301
List the prime factors of 111993.
3, 7, 5333
List the prime factors of 35390.
2, 5, 3539
What are the prime factors of 9439?
9439
What are the prime factors of 66681?
3, 31, 239
List the prime factors of 328.
2, 41
List the prime factors of 998.
2, 499
List the prime factors of 41132.
2, 7, 13, 113
What are the prime factors of 8591?
11, 71
List the prime factors of 855.
3, 5, 19
List the prime factors of 52160.
2, 5, 163
What are the prime factors of 28687?
28687
List the prime factors of 48310.
2, 5, 4831
What are the prime factors of 8297?
8297
List the prime factors of 2157.
3, 719
List the prime factors of 8178.
2, 3, 29, 47
List the prime factors of 25